{"id":2263,"date":"2024-04-19T18:52:51","date_gmt":"2024-04-19T16:52:51","guid":{"rendered":"https:\/\/homeofhomes.lu\/?page_id=2263"},"modified":"2026-01-17T20:43:10","modified_gmt":"2026-01-17T18:43:10","slug":"das-konzept","status":"publish","type":"page","link":"https:\/\/homeofhomes.lu\/?page_id=2263&lang=de","title":{"rendered":"Das Konzept"},"content":{"rendered":"\t\t<div data-elementor-type=\"wp-page\" data-elementor-id=\"2263\" class=\"elementor elementor-2263\">\n\t\t\t\t<div class=\"elementor-element elementor-element-80565a9 e-flex e-con-boxed e-con e-parent\" data-id=\"80565a9\" data-element_type=\"container\" data-e-type=\"container\">\n\t\t\t\t\t<div class=\"e-con-inner\">\n\t\t\t\t<div class=\"elementor-element elementor-element-7a94112 elementor-widget elementor-widget-image\" data-id=\"7a94112\" data-element_type=\"widget\" data-e-type=\"widget\" data-widget_type=\"image.default\">\n\t\t\t\t<div class=\"elementor-widget-container\">\n\t\t\t\t\t\t\t\t\t\t\t\t\t\t\t<img fetchpriority=\"high\" decoding=\"async\" width=\"900\" height=\"500\" src=\"https:\/\/homeofhomes.lu\/wp-content\/uploads\/2026\/01\/Video-Home-Page-900-x-500-px-2.png\" class=\"attachment-shapely-full size-shapely-full wp-image-2602\" alt=\"\" srcset=\"https:\/\/homeofhomes.lu\/wp-content\/uploads\/2026\/01\/Video-Home-Page-900-x-500-px-2.png 900w, https:\/\/homeofhomes.lu\/wp-content\/uploads\/2026\/01\/Video-Home-Page-900-x-500-px-2-300x167.png 300w, https:\/\/homeofhomes.lu\/wp-content\/uploads\/2026\/01\/Video-Home-Page-900-x-500-px-2-768x427.png 768w, https:\/\/homeofhomes.lu\/wp-content\/uploads\/2026\/01\/Video-Home-Page-900-x-500-px-2-209x116.png 209w\" sizes=\"(max-width: 900px) 100vw, 900px\" \/>\t\t\t\t\t\t\t\t\t\t\t\t\t\t\t<\/div>\n\t\t\t\t<\/div>\n\t\t\t\t\t<\/div>\n\t\t\t\t<\/div>\n\t\t<div class=\"elementor-element elementor-element-d5a33a4 e-flex e-con-boxed e-con e-parent\" data-id=\"d5a33a4\" data-element_type=\"container\" data-e-type=\"container\">\n\t\t\t\t\t<div class=\"e-con-inner\">\n\t\t\t\t<div class=\"elementor-element elementor-element-d45bc71 elementor-widget elementor-widget-spacer\" data-id=\"d45bc71\" data-element_type=\"widget\" data-e-type=\"widget\" data-widget_type=\"spacer.default\">\n\t\t\t\t<div class=\"elementor-widget-container\">\n\t\t\t\t\t\t\t<div class=\"elementor-spacer\">\n\t\t\t<div class=\"elementor-spacer-inner\"><\/div>\n\t\t<\/div>\n\t\t\t\t\t\t<\/div>\n\t\t\t\t<\/div>\n\t\t\t\t<div class=\"elementor-element elementor-element-feb221f elementor-widget elementor-widget-text-editor\" data-id=\"feb221f\" data-element_type=\"widget\" data-e-type=\"widget\" data-widget_type=\"text-editor.default\">\n\t\t\t\t<div class=\"elementor-widget-container\">\n\t\t\t\t\t\t\t\t\t<h3><em><strong>Das Konzept der 4 Achsen (Gesch\u00e4ftskonzept)<\/strong><\/em><\/h3>\n<p>Heutzutage ist es nicht einfach, ein Zuhause zu finden, das Ihren Bed\u00fcrfnissen, Ihrem Budget und Ihren W\u00fcnschen entspricht. Es gibt viele Herausforderungen zu bew\u00e4ltigen, bevor Sie sich in Ihrem eigenen Haus niederlassen k\u00f6nnen:<\/p>\n<p>\u2705 Das richtige Grundst\u00fcck zu finden, das gut gelegen ist, die richtige Fl\u00e4che hat und zu einem fairen Preis angeboten wird,\u00a0<br data-start=\"206\" data-end=\"209\" \/>\u2705 Eine Bankakte vorzubereiten und bei der Bank einzureichen,\u00a0<br data-start=\"276\" data-end=\"279\" \/>\u2705 Sich mit oft komplizierten Verwaltungsvorg\u00e4ngen auseinanderzusetzen,\u00a0<br data-start=\"351\" data-end=\"354\" \/>\u2705 Zum Notar zu gehen, um den Kaufvertrag zu unterzeichnen,\u00a0<br data-start=\"407\" data-end=\"410\" \/>\u2705 Einen Vermesser zu beauftragen, um die Grenzen des Grundst\u00fccks festzulegen, und einen Architekten, um die Pl\u00e4ne Ihres Hauses zu entwerfen,\u00a0<br data-start=\"530\" data-end=\"533\" \/>\u2705 Die Baugenehmigung bei der Gemeinde zu beantragen,\u00a0<br data-start=\"580\" data-end=\"583\" \/>\u2705 Staatliche F\u00f6rdermittel zu beantragen,\u00a0<br data-start=\"627\" data-end=\"630\" \/>\u2705 Sich um den Bau selbst zu k\u00fcmmern, was viele schwierige Entscheidungen hinsichtlich des Materials, des Stils, der Ausr\u00fcstung und der Qualit\u00e4t mit sich bringt.<\/p>\n<p><!-- \/wp:list --><!-- wp:paragraph --><\/p>\n<p data-start=\"985\" data-end=\"1118\">All diese Schritte k\u00f6nnen Ihnen viel Stress, Zeit und Geld kosten, ohne Ihnen zu garantieren, dass Sie am Ende zufrieden sein werden!<\/p>\n<p data-start=\"1120\" data-end=\"1220\"><em>Aber was w\u00e4re, wenn es eine einfachere und bessere M\u00f6glichkeit g\u00e4be, das Haus Ihrer Tr\u00e4ume zu bauen?<\/em><\/p>\n<p data-start=\"1222\" data-end=\"1439\"><em>Home of Homes ist Ihr zuverl\u00e4ssiger Partner, der sich verpflichtet, all diese zeitraubenden Aufgaben zu \u00fcbernehmen, so dass Sie sich um nichts mehr k\u00fcmmern m\u00fcssen, sondern nur Ihre Ideen und W\u00fcnsche ausdr\u00fccken k\u00f6nnen.<\/em><\/p>\n<p><!-- \/wp:paragraph --><!-- wp:paragraph --><\/p>\t\t\t\t\t\t\t\t<\/div>\n\t\t\t\t<\/div>\n\t\t\t\t<div class=\"elementor-element elementor-element-bb7d472 elementor-widget elementor-widget-spacer\" data-id=\"bb7d472\" data-element_type=\"widget\" data-e-type=\"widget\" data-widget_type=\"spacer.default\">\n\t\t\t\t<div class=\"elementor-widget-container\">\n\t\t\t\t\t\t\t<div class=\"elementor-spacer\">\n\t\t\t<div class=\"elementor-spacer-inner\"><\/div>\n\t\t<\/div>\n\t\t\t\t\t\t<\/div>\n\t\t\t\t<\/div>\n\t\t\t\t\t<\/div>\n\t\t\t\t<\/div>\n\t\t<div class=\"elementor-element elementor-element-bbfc85a e-flex e-con-boxed e-con e-parent\" data-id=\"bbfc85a\" data-element_type=\"container\" data-e-type=\"container\">\n\t\t\t\t\t<div class=\"e-con-inner\">\n\t\t<div class=\"elementor-element elementor-element-cd80134 e-con-full e-flex e-con e-child\" data-id=\"cd80134\" data-element_type=\"container\" data-e-type=\"container\">\n\t\t\t\t<div class=\"elementor-element elementor-element-b100038 elementor-widget elementor-widget-image\" data-id=\"b100038\" data-element_type=\"widget\" data-e-type=\"widget\" data-widget_type=\"image.default\">\n\t\t\t\t<div class=\"elementor-widget-container\">\n\t\t\t\t\t\t\t\t\t\t\t\t\t\t\t<img decoding=\"async\" width=\"768\" height=\"768\" src=\"https:\/\/homeofhomes.lu\/wp-content\/uploads\/2026\/01\/1-768x768.png\" class=\"attachment-medium_large size-medium_large wp-image-2601\" alt=\"\" srcset=\"https:\/\/homeofhomes.lu\/wp-content\/uploads\/2026\/01\/1-768x768.png 768w, https:\/\/homeofhomes.lu\/wp-content\/uploads\/2026\/01\/1-300x300.png 300w, https:\/\/homeofhomes.lu\/wp-content\/uploads\/2026\/01\/1-1024x1024.png 1024w, https:\/\/homeofhomes.lu\/wp-content\/uploads\/2026\/01\/1-150x150.png 150w, https:\/\/homeofhomes.lu\/wp-content\/uploads\/2026\/01\/1-116x116.png 116w, https:\/\/homeofhomes.lu\/wp-content\/uploads\/2026\/01\/1.png 1080w\" sizes=\"(max-width: 768px) 100vw, 768px\" \/>\t\t\t\t\t\t\t\t\t\t\t\t\t\t\t<\/div>\n\t\t\t\t<\/div>\n\t\t\t\t<\/div>\n\t\t<div class=\"elementor-element elementor-element-e5d6893 e-con-full e-flex e-con e-child\" data-id=\"e5d6893\" data-element_type=\"container\" data-e-type=\"container\">\n\t\t\t\t<div class=\"elementor-element elementor-element-872243a elementor-widget elementor-widget-image\" data-id=\"872243a\" data-element_type=\"widget\" data-e-type=\"widget\" data-widget_type=\"image.default\">\n\t\t\t\t<div class=\"elementor-widget-container\">\n\t\t\t\t\t\t\t\t\t\t\t\t\t\t\t<img decoding=\"async\" width=\"768\" height=\"768\" src=\"https:\/\/homeofhomes.lu\/wp-content\/uploads\/2026\/01\/2-768x768.png\" class=\"attachment-medium_large size-medium_large wp-image-2598\" alt=\"\" srcset=\"https:\/\/homeofhomes.lu\/wp-content\/uploads\/2026\/01\/2-768x768.png 768w, https:\/\/homeofhomes.lu\/wp-content\/uploads\/2026\/01\/2-300x300.png 300w, https:\/\/homeofhomes.lu\/wp-content\/uploads\/2026\/01\/2-1024x1024.png 1024w, https:\/\/homeofhomes.lu\/wp-content\/uploads\/2026\/01\/2-150x150.png 150w, https:\/\/homeofhomes.lu\/wp-content\/uploads\/2026\/01\/2-116x116.png 116w, https:\/\/homeofhomes.lu\/wp-content\/uploads\/2026\/01\/2.png 1080w\" sizes=\"(max-width: 768px) 100vw, 768px\" \/>\t\t\t\t\t\t\t\t\t\t\t\t\t\t\t<\/div>\n\t\t\t\t<\/div>\n\t\t\t\t<\/div>\n\t\t<div class=\"elementor-element elementor-element-0bc5c4d e-con-full e-flex e-con e-child\" data-id=\"0bc5c4d\" data-element_type=\"container\" data-e-type=\"container\">\n\t\t\t\t<div class=\"elementor-element elementor-element-fa4064e elementor-widget elementor-widget-text-editor\" data-id=\"fa4064e\" data-element_type=\"widget\" data-e-type=\"widget\" data-widget_type=\"text-editor.default\">\n\t\t\t\t<div class=\"elementor-widget-container\">\n\t\t\t\t\t\t\t\t\t<h3><em>Beratung<\/em><\/h3>\n<p>Suche nach dem Grundst\u00fcck, das Ihren Anforderungen und Ihrem Budget entspricht. Wir \u00fcbernehmen alle Bankverfahren (15 Jahre Bankerfahrung), um Ihnen die beste Finanzierung zu sichern. Wir f\u00fchren alle lokalen Verwaltungsverfahren durch, um die notwendigen Genehmigungen zu erhalten. Wir begleiten Sie bei den Vorg\u00e4ngen des Notars, des Vermessers und des Architekten, um Ihnen die beste rechtliche und technische Beratung zu bieten. Wir stehen Ihnen jederzeit zur Verf\u00fcgung, um Ihre Fragen zu beantworten und Ihre Bedenken zu zerstreuen.<\/p>\t\t\t\t\t\t\t\t<\/div>\n\t\t\t\t<\/div>\n\t\t\t\t<\/div>\n\t\t<div class=\"elementor-element elementor-element-ce737e7 e-con-full e-flex e-con e-child\" data-id=\"ce737e7\" data-element_type=\"container\" data-e-type=\"container\">\n\t\t\t\t<div class=\"elementor-element elementor-element-32f6820 elementor-widget elementor-widget-text-editor\" data-id=\"32f6820\" data-element_type=\"widget\" data-e-type=\"widget\" data-widget_type=\"text-editor.default\">\n\t\t\t\t<div class=\"elementor-widget-container\">\n\t\t\t\t\t\t\t\t\t<h3><em>Realisierung<\/em><\/h3>\n<p>Wir k\u00fcmmern uns um alle technischen Aspekte des Hausbaus sowie um den Bau selbst (erfahrener Partner seit 8 Jahren). Wir bauen Ihr Haus nach den Pl\u00e4nen und Annehmlichkeiten, die Sie w\u00e4hlen, mit qualitativ hochwertigen Materialien und qualifizierten Fachleuten. Wir garantieren eine schnelle und effiziente Ausf\u00fchrung, die alle Sicherheits- und Qualit\u00e4tsstandards erf\u00fcllt. Wir \u00fcberwachen den gesamten Bauprozess, um sicherzustellen, dass alles nach Plan verl\u00e4uft. Wir \u00fcbergeben Ihnen die Schl\u00fcssel zu Ihrem neuen Zuhause, bereit f\u00fcr Sie zum Einzug.<\/p>\t\t\t\t\t\t\t\t<\/div>\n\t\t\t\t<\/div>\n\t\t\t\t<\/div>\n\t\t\t\t\t<\/div>\n\t\t\t\t<\/div>\n\t\t<div class=\"elementor-element elementor-element-650cca2 e-flex e-con-boxed e-con e-parent\" data-id=\"650cca2\" data-element_type=\"container\" data-e-type=\"container\">\n\t\t\t\t\t<div class=\"e-con-inner\">\n\t\t<div class=\"elementor-element elementor-element-442f40c e-con-full e-flex e-con e-child\" data-id=\"442f40c\" data-element_type=\"container\" data-e-type=\"container\">\n\t\t\t\t<div class=\"elementor-element elementor-element-2d0ec01 elementor-widget elementor-widget-image\" data-id=\"2d0ec01\" data-element_type=\"widget\" data-e-type=\"widget\" data-widget_type=\"image.default\">\n\t\t\t\t<div class=\"elementor-widget-container\">\n\t\t\t\t\t\t\t\t\t\t\t\t\t\t\t<img loading=\"lazy\" decoding=\"async\" width=\"768\" height=\"768\" src=\"https:\/\/homeofhomes.lu\/wp-content\/uploads\/2026\/01\/3-768x768.png\" class=\"attachment-medium_large size-medium_large wp-image-2599\" alt=\"\" srcset=\"https:\/\/homeofhomes.lu\/wp-content\/uploads\/2026\/01\/3-768x768.png 768w, https:\/\/homeofhomes.lu\/wp-content\/uploads\/2026\/01\/3-300x300.png 300w, https:\/\/homeofhomes.lu\/wp-content\/uploads\/2026\/01\/3-1024x1024.png 1024w, https:\/\/homeofhomes.lu\/wp-content\/uploads\/2026\/01\/3-150x150.png 150w, https:\/\/homeofhomes.lu\/wp-content\/uploads\/2026\/01\/3-116x116.png 116w, https:\/\/homeofhomes.lu\/wp-content\/uploads\/2026\/01\/3.png 1080w\" sizes=\"(max-width: 768px) 100vw, 768px\" \/>\t\t\t\t\t\t\t\t\t\t\t\t\t\t\t<\/div>\n\t\t\t\t<\/div>\n\t\t\t\t<\/div>\n\t\t<div class=\"elementor-element elementor-element-c7b8075 e-con-full e-flex e-con e-child\" data-id=\"c7b8075\" data-element_type=\"container\" data-e-type=\"container\">\n\t\t\t\t<div class=\"elementor-element elementor-element-c254505 elementor-widget elementor-widget-image\" data-id=\"c254505\" data-element_type=\"widget\" data-e-type=\"widget\" data-widget_type=\"image.default\">\n\t\t\t\t<div class=\"elementor-widget-container\">\n\t\t\t\t\t\t\t\t\t\t\t\t\t\t\t<img loading=\"lazy\" decoding=\"async\" width=\"768\" height=\"768\" src=\"https:\/\/homeofhomes.lu\/wp-content\/uploads\/2026\/01\/4-768x768.png\" class=\"attachment-medium_large size-medium_large wp-image-2600\" alt=\"\" srcset=\"https:\/\/homeofhomes.lu\/wp-content\/uploads\/2026\/01\/4-768x768.png 768w, https:\/\/homeofhomes.lu\/wp-content\/uploads\/2026\/01\/4-300x300.png 300w, https:\/\/homeofhomes.lu\/wp-content\/uploads\/2026\/01\/4-1024x1024.png 1024w, https:\/\/homeofhomes.lu\/wp-content\/uploads\/2026\/01\/4-150x150.png 150w, https:\/\/homeofhomes.lu\/wp-content\/uploads\/2026\/01\/4-116x116.png 116w, https:\/\/homeofhomes.lu\/wp-content\/uploads\/2026\/01\/4.png 1080w\" sizes=\"(max-width: 768px) 100vw, 768px\" \/>\t\t\t\t\t\t\t\t\t\t\t\t\t\t\t<\/div>\n\t\t\t\t<\/div>\n\t\t\t\t<\/div>\n\t\t<div class=\"elementor-element elementor-element-1862bc3 e-con-full e-flex e-con e-child\" data-id=\"1862bc3\" data-element_type=\"container\" data-e-type=\"container\">\n\t\t\t\t<div class=\"elementor-element elementor-element-95e0c09 elementor-widget elementor-widget-text-editor\" data-id=\"95e0c09\" data-element_type=\"widget\" data-e-type=\"widget\" data-widget_type=\"text-editor.default\">\n\t\t\t\t<div class=\"elementor-widget-container\">\n\t\t\t\t\t\t\t\t\t<h3><em>Erbe<\/em><\/h3>\n<p>Von der Grundst\u00fcckssuche bis nach dem Hausbau sorgen wir daf\u00fcr, dass es seinem Marktwert entspricht und sogar an Wert gewinnt, falls es sp\u00e4ter weiterverkauft wird. Wir helfen Ihnen, Ihr Haus zu pflegen und zu verbessern, indem wir Ihnen Tipps und Tricks geben, um es zu sch\u00fctzen und zu versch\u00f6nern. Wir bieten auch einen Kundendienst an und stehen Ihnen zur Verf\u00fcgung, falls Sie Ihr Haus verkaufen oder vermieten m\u00f6chten, und bieten Ihnen die besten Bedingungen und M\u00f6glichkeiten.<\/p>\t\t\t\t\t\t\t\t<\/div>\n\t\t\t\t<\/div>\n\t\t\t\t<\/div>\n\t\t<div class=\"elementor-element elementor-element-b226da7 e-con-full e-flex e-con e-child\" data-id=\"b226da7\" data-element_type=\"container\" data-e-type=\"container\">\n\t\t\t\t<div class=\"elementor-element elementor-element-1152786 elementor-widget elementor-widget-text-editor\" data-id=\"1152786\" data-element_type=\"widget\" data-e-type=\"widget\" data-widget_type=\"text-editor.default\">\n\t\t\t\t<div class=\"elementor-widget-container\">\n\t\t\t\t\t\t\t\t\t<h3><em>Umwelt<\/em><\/h3>\n<p>Der Bau respektiert maximale Nachhaltigkeit, Umwelt, \u00d6kologie und niedrigen Energieverbrauch. Er sch\u00fctzt die Umwelt, f\u00f6rdert Gesundheit und Wohlbefinden durch die Verwendung \u00f6kologischer Materialien. Die Integration erneuerbarer Energien, wie Solarmodule und W\u00e4rmepumpen, in unseren H\u00e4usern reduziert den Energieverbrauch und erh\u00f6ht die Energieeffizienz. Unsere H\u00e4user sind so konzipiert, dass sie sich harmonisch in die Landschaft einf\u00fcgen und die nat\u00fcrliche Sch\u00f6nheit der Umwelt respektieren. Wir tragen dazu bei, den \u00f6kologischen Fu\u00dfabdruck zu reduzieren und einen positiven Beitrag zum Klimaschutz zu leisten.<\/p>\t\t\t\t\t\t\t\t<\/div>\n\t\t\t\t<\/div>\n\t\t\t\t<\/div>\n\t\t\t\t\t<\/div>\n\t\t\t\t<\/div>\n\t\t<div class=\"elementor-element elementor-element-8eebe8f e-flex e-con-boxed e-con e-parent\" data-id=\"8eebe8f\" data-element_type=\"container\" data-e-type=\"container\">\n\t\t\t\t\t<div class=\"e-con-inner\">\n\t\t\t\t<div class=\"elementor-element elementor-element-a9fe022 elementor-widget elementor-widget-spacer\" data-id=\"a9fe022\" data-element_type=\"widget\" data-e-type=\"widget\" data-widget_type=\"spacer.default\">\n\t\t\t\t<div class=\"elementor-widget-container\">\n\t\t\t\t\t\t\t<div class=\"elementor-spacer\">\n\t\t\t<div class=\"elementor-spacer-inner\"><\/div>\n\t\t<\/div>\n\t\t\t\t\t\t<\/div>\n\t\t\t\t<\/div>\n\t\t\t\t<div class=\"elementor-element elementor-element-b392ab2 elementor-widget elementor-widget-text-editor\" data-id=\"b392ab2\" data-element_type=\"widget\" data-e-type=\"widget\" data-widget_type=\"text-editor.default\">\n\t\t\t\t<div class=\"elementor-widget-container\">\n\t\t\t\t\t\t\t\t\t<h6 data-start=\"2018\" data-end=\"2178\">Wie Sie sehen k\u00f6nnen, sind wir bei Home of Homes mehr als nur ein Immobilienunternehmen. Wir sind Ihr Partner, der Ihnen hilft, Ihren Traum vom eigenen Haus zu verwirklichen.<\/h6>\t\t\t\t\t\t\t\t<\/div>\n\t\t\t\t<\/div>\n\t\t\t\t<div class=\"elementor-element elementor-element-d4adbf9 elementor-widget elementor-widget-spacer\" data-id=\"d4adbf9\" data-element_type=\"widget\" data-e-type=\"widget\" data-widget_type=\"spacer.default\">\n\t\t\t\t<div class=\"elementor-widget-container\">\n\t\t\t\t\t\t\t<div class=\"elementor-spacer\">\n\t\t\t<div class=\"elementor-spacer-inner\"><\/div>\n\t\t<\/div>\n\t\t\t\t\t\t<\/div>\n\t\t\t\t<\/div>\n\t\t\t\t<div class=\"elementor-element elementor-element-3cbb1eb elementor-align-center elementor-widget elementor-widget-button\" data-id=\"3cbb1eb\" data-element_type=\"widget\" data-e-type=\"widget\" data-widget_type=\"button.default\">\n\t\t\t\t<div class=\"elementor-widget-container\">\n\t\t\t\t\t\t\t\t\t<div class=\"elementor-button-wrapper\">\n\t\t\t\t\t<a class=\"elementor-button elementor-button-link elementor-size-sm\" href=\"#\">\n\t\t\t\t\t\t<span class=\"elementor-button-content-wrapper\">\n\t\t\t\t\t\t\t\t\t<span class=\"elementor-button-text\">Book an appointment<\/span>\n\t\t\t\t\t<\/span>\n\t\t\t\t\t<\/a>\n\t\t\t\t<\/div>\n\t\t\t\t\t\t\t\t<\/div>\n\t\t\t\t<\/div>\n\t\t\t\t\t<\/div>\n\t\t\t\t<\/div>\n\t\t\t\t<\/div>\n\t\t","protected":false},"excerpt":{"rendered":"<p>Das Konzept der 4 Achsen (Gesch\u00e4ftskonzept) Heutzutage ist es nicht einfach, ein Zuhause zu finden, das Ihren Bed\u00fcrfnissen, Ihrem Budget &hellip; <a href=\"https:\/\/homeofhomes.lu\/?page_id=2263&#038;lang=de\" class=\"more-link\">Continue reading <span class=\"screen-reader-text\">Das Konzept<\/span><\/a><\/p>\n","protected":false},"author":1,"featured_media":0,"parent":0,"menu_order":0,"comment_status":"closed","ping_status":"closed","template":"","meta":{"footnotes":""},"class_list":["post-2263","page","type-page","status-publish","hentry"],"lang":"de","translations":{"de":2263,"en":2261,"fr":2254},"jetpack_sharing_enabled":true,"pll_sync_post":[],"_links":{"self":[{"href":"https:\/\/homeofhomes.lu\/index.php?rest_route=\/wp\/v2\/pages\/2263","targetHints":{"allow":["GET"]}}],"collection":[{"href":"https:\/\/homeofhomes.lu\/index.php?rest_route=\/wp\/v2\/pages"}],"about":[{"href":"https:\/\/homeofhomes.lu\/index.php?rest_route=\/wp\/v2\/types\/page"}],"author":[{"embeddable":true,"href":"https:\/\/homeofhomes.lu\/index.php?rest_route=\/wp\/v2\/users\/1"}],"replies":[{"embeddable":true,"href":"https:\/\/homeofhomes.lu\/index.php?rest_route=%2Fwp%2Fv2%2Fcomments&post=2263"}],"version-history":[{"count":7,"href":"https:\/\/homeofhomes.lu\/index.php?rest_route=\/wp\/v2\/pages\/2263\/revisions"}],"predecessor-version":[{"id":2763,"href":"https:\/\/homeofhomes.lu\/index.php?rest_route=\/wp\/v2\/pages\/2263\/revisions\/2763"}],"wp:attachment":[{"href":"https:\/\/homeofhomes.lu\/index.php?rest_route=%2Fwp%2Fv2%2Fmedia&parent=2263"}],"curies":[{"name":"wp","href":"https:\/\/api.w.org\/{rel}","templated":true}]}}